{"id":484,"date":"2024-08-31T18:05:24","date_gmt":"2024-08-31T21:05:24","guid":{"rendered":"https:\/\/arqvagasbrasil.com\/?page_id=484"},"modified":"2025-09-25T14:59:29","modified_gmt":"2025-09-25T17:59:29","slug":"personalizacao-de-curriculo-e-linkedin-para-arquitetura","status":"publish","type":"page","link":"https:\/\/arqvagasbrasil.com\/index.php\/personalizacao-de-curriculo-e-linkedin-para-arquitetura\/","title":{"rendered":"Personaliza\u00e7\u00e3o de Curriculo e LinkedIn para arquitetura"},"content":{"rendered":"\n<p><\/p>\n\n\n\n<div class=\"wp-block-group alignfull has-text-color has-background is-layout-flow wp-block-group-is-layout-flow\" style=\"color:#000000;background-color:#ffffff\">\n<p class=\"has-text-align-center\"><strong>Aqui voc\u00ea encontra qual \u00e9 o melhor investimento para voc\u00ea na personaliza\u00e7\u00e3o do curriculo e do linkedin<\/strong><\/p>\n\n\n\n<div class=\"wp-block-buttons is-horizontal is-content-justification-center is-layout-flex wp-container-core-buttons-is-layout-03627597 wp-block-buttons-is-layout-flex\">\n<div class=\"wp-block-button has-custom-width wp-block-button__width-50\"><a class=\"wp-block-button__link has-text-color has-background wp-element-button\" href=\"https:\/\/api.whatsapp.com\/send?phone=5569984215423\" style=\"border-radius:50px;color:#ffffff;background-color:#000000\">Entre em contato<\/a><\/div>\n<\/div>\n\n\n\n<div style=\"height:13px\" aria-hidden=\"true\" class=\"wp-block-spacer\"><\/div>\n<\/div>\n\n\n\n<div class=\"wp-block-group alignfull has-global-padding is-layout-constrained wp-block-group-is-layout-constrained\" style=\"margin-top:0px;margin-bottom:0px;padding-top:var(--wp--preset--spacing--xx-large);padding-bottom:var(--wp--preset--spacing--xx-large)\">\n<div class=\"wp-block-group alignwide is-layout-flow wp-block-group-is-layout-flow\" style=\"padding-bottom:var(--wp--preset--spacing--medium)\">\n<div class=\"wp-block-columns are-vertically-aligned-bottom is-layout-flex wp-container-core-columns-is-layout-398b3aa3 wp-block-columns-is-layout-flex\">\n<div class=\"wp-block-column is-vertically-aligned-bottom is-layout-flow wp-block-column-is-layout-flow\">\n<h2 class=\"wp-block-heading has-text-align-center has-x-large-font-size\" style=\"margin-top:0.25rem\">Planos de pre\u00e7os<\/h2>\n<\/div>\n<\/div>\n<\/div>\n\n\n\n<div class=\"wp-block-group alignwide is-layout-flow wp-block-group-is-layout-flow\">\n<div class=\"wp-block-columns are-vertically-aligned-center is-layout-flex wp-container-core-columns-is-layout-f619a8c7 wp-block-columns-is-layout-flex\">\n<div class=\"wp-block-column is-vertically-aligned-center is-layout-flow wp-block-column-is-layout-flow\">\n<div class=\"wp-block-group has-border-color has-quaternary-border-color has-global-padding is-layout-constrained wp-container-core-group-is-layout-5fbedae1 wp-block-group-is-layout-constrained\" style=\"border-width:1px;border-radius:10px;padding-top:var(--wp--preset--spacing--large);padding-right:var(--wp--preset--spacing--large);padding-bottom:var(--wp--preset--spacing--large);padding-left:var(--wp--preset--spacing--large)\">\n<h2 class=\"wp-block-heading has-text-align-center has-medium-font-size\" style=\"margin-top:0px;margin-right:0px;margin-bottom:0px;margin-left:0px\"><strong>&nbsp;CURR\u00cdCULO<\/strong><\/h2>\n\n\n\n<p class=\"has-text-align-center\"><strong>(Escrit\u00f3rio ou Construtora\/RH)<\/strong><\/p>\n\n\n\n<div class=\"wp-block-group is-content-justification-center is-nowrap is-layout-flex wp-container-core-group-is-layout-825f615b wp-block-group-is-layout-flex\">\n<p class=\"has-xx-large-font-size\">R$50,00<\/p>\n<\/div>\n\n\n\n<hr class=\"wp-block-separator has-text-color has-quaternary-color has-alpha-channel-opacity has-quaternary-background-color has-background is-style-wide-thin-line\"\/>\n\n\n\n<div class=\"wp-block-group has-global-padding is-layout-constrained wp-block-group-is-layout-constrained\">\n<p class=\"has-text-align-center\">1 Modelo de curriculo personalizado para vagas de Escrit\u00f3rio ou Construtora\/RH<\/p>\n\n\n\n<hr class=\"wp-block-separator has-alpha-channel-opacity is-style-dotted\"\/>\n\n\n\n<p class=\"has-text-align-center\">Modelo de carta de apresenta\u00e7\u00e3o<\/p>\n\n\n\n<hr class=\"wp-block-separator has-alpha-channel-opacity is-style-dotted\"\/>\n\n\n\n<p class=\"has-text-align-center\">1 Sess\u00e3o comigo para tirar duvidas sobre entrevistas e mercado da arquitetura.<\/p>\n\n\n\n<hr class=\"wp-block-separator has-alpha-channel-opacity is-style-dotted\"\/>\n\n\n\n<p class=\"has-text-align-center\">B\u00f4nus: Banco de curriculos &#8211; Arqvagasbrasil e Indica\u00e7\u00e3o de vagas de acordo com seu perfil<\/p>\n<\/div>\n\n\n\n<div class=\"wp-block-buttons is-layout-flex wp-block-buttons-is-layout-flex\" style=\"margin-top:var(--wp--preset--spacing--large)\">\n<div class=\"wp-block-button has-custom-width wp-block-button__width-100\"><a class=\"wp-block-button__link wp-element-button\" href=\"https:\/\/mpago.la\/11ovMuf\">Contrate aqui<\/a><\/div>\n<\/div>\n<\/div>\n<\/div>\n\n\n\n<div class=\"wp-block-column is-vertically-aligned-center is-layout-flow wp-block-column-is-layout-flow\">\n<div class=\"wp-block-group has-border-color has-quaternary-border-color has-global-padding is-layout-constrained wp-container-core-group-is-layout-5fbedae1 wp-block-group-is-layout-constrained\" style=\"border-width:1px;border-radius:10px;padding-top:var(--wp--preset--spacing--large);padding-right:var(--wp--preset--spacing--large);padding-bottom:var(--wp--preset--spacing--large);padding-left:var(--wp--preset--spacing--large)\">\n<h2 class=\"wp-block-heading has-text-align-center has-medium-font-size\" style=\"margin-top:0px;margin-right:0px;margin-bottom:0px;margin-left:0px\"><strong>CURR\u00cdCULO<\/strong><\/h2>\n\n\n\n<p class=\"has-text-align-center\"><strong>(Escrit\u00f3rio e Construtora\/RH)<\/strong><\/p>\n\n\n\n<div class=\"wp-block-group is-content-justification-center is-nowrap is-layout-flex wp-container-core-group-is-layout-825f615b wp-block-group-is-layout-flex\">\n<p class=\"has-xx-large-font-size\">R$100<\/p>\n\n\n\n<p style=\"margin-top:1.5rem\">,00<\/p>\n<\/div>\n\n\n\n<hr class=\"wp-block-separator has-text-color has-quaternary-color has-alpha-channel-opacity has-quaternary-background-color has-background is-style-wide-thin-line\"\/>\n\n\n\n<div class=\"wp-block-group has-global-padding is-layout-constrained wp-block-group-is-layout-constrained\">\n<p class=\"has-text-align-center\">2 Modelos de curriculos personalizados para vagas de Escrit\u00f3rio e Construtora\/RH<\/p>\n\n\n\n<hr class=\"wp-block-separator has-alpha-channel-opacity is-style-dotted\"\/>\n\n\n\n<p class=\"has-text-align-center\">Modelo de carta de apresenta\u00e7\u00e3o<\/p>\n\n\n\n<hr class=\"wp-block-separator has-alpha-channel-opacity is-style-dotted\"\/>\n\n\n\n<p class=\"has-text-align-center\">1 Sess\u00e3o comigo para tirar duvidas sobre entrevistas e mercado da arquitetura.<\/p>\n\n\n\n<hr class=\"wp-block-separator has-alpha-channel-opacity is-style-dotted\"\/>\n\n\n\n<p class=\"has-text-align-center\">B\u00f4nus: Banco de curriculos &#8211; Arqvagasbrasil e Indica\u00e7\u00e3o de vagas de acordo com seu perfil<\/p>\n<\/div>\n\n\n\n<div class=\"wp-block-buttons is-layout-flex wp-block-buttons-is-layout-flex\" style=\"margin-top:var(--wp--preset--spacing--large)\">\n<div class=\"wp-block-button has-custom-width wp-block-button__width-100\"><a class=\"wp-block-button__link wp-element-button\" href=\"https:\/\/mpago.la\/2je1NaS\" target=\"_blank\" rel=\"noreferrer noopener\">Contrate aqui<\/a><\/div>\n<\/div>\n<\/div>\n<\/div>\n<\/div>\n<\/div>\n\n\n\n<div class=\"wp-block-group alignwide is-layout-flow wp-block-group-is-layout-flow\">\n<div class=\"wp-block-columns are-vertically-aligned-top is-layout-flex wp-container-core-columns-is-layout-f619a8c7 wp-block-columns-is-layout-flex\">\n<div class=\"wp-block-column is-vertically-aligned-top is-layout-flow wp-block-column-is-layout-flow\">\n<div class=\"wp-block-group has-border-color has-quaternary-border-color has-global-padding is-layout-constrained wp-container-core-group-is-layout-5fbedae1 wp-block-group-is-layout-constrained\" style=\"border-width:1px;border-radius:10px;padding-top:var(--wp--preset--spacing--large);padding-right:var(--wp--preset--spacing--large);padding-bottom:var(--wp--preset--spacing--large);padding-left:var(--wp--preset--spacing--large)\">\n<h2 class=\"wp-block-heading has-text-align-center has-medium-font-size\" style=\"margin-top:0px;margin-right:0px;margin-bottom:0px;margin-left:0px\"><strong>LINKEDIN<\/strong><\/h2>\n\n\n\n<div class=\"wp-block-group is-content-justification-center is-nowrap is-layout-flex wp-container-core-group-is-layout-b647f7f8 wp-block-group-is-layout-flex\">\n<p class=\"has-xx-large-font-size\">R$150,00<\/p>\n<\/div>\n\n\n\n<hr class=\"wp-block-separator has-text-color has-quaternary-color has-alpha-channel-opacity has-quaternary-background-color has-background is-style-wide-thin-line\"\/>\n\n\n\n<div class=\"wp-block-group has-global-padding is-layout-constrained wp-block-group-is-layout-constrained\">\n<p class=\"has-text-align-center\">Personaliza\u00e7\u00e3o do seu perfil no LinkedIn deixando mais atrativo para os recrutadores<\/p>\n\n\n\n<hr class=\"wp-block-separator has-alpha-channel-opacity is-style-dotted\"\/>\n\n\n\n<p class=\"has-text-align-center\">1 Sess\u00e3o para explicar como utilizar o linkedin e conseguir conquistar a t\u00e3o sonhada vaga<\/p>\n\n\n\n<hr class=\"wp-block-separator has-alpha-channel-opacity is-style-dotted\"\/>\n\n\n\n<p class=\"has-text-align-center\">E-book com informa\u00e7\u00f5es de como utilizar o LinkedIn<\/p>\n\n\n\n<hr class=\"wp-block-separator has-alpha-channel-opacity is-style-dotted\"\/>\n\n\n\n<p class=\"has-text-align-center\">Configura\u00e7\u00f5es de alertas de vagas para arquitetura<\/p>\n\n\n\n<hr class=\"wp-block-separator has-alpha-channel-opacity is-style-dotted\"\/>\n\n\n\n<p class=\"has-text-align-center\">Conex\u00f5es estrat\u00e9gicas para seu tipo de vaga<\/p>\n<\/div>\n\n\n\n<div class=\"wp-block-buttons is-layout-flex wp-block-buttons-is-layout-flex\" style=\"margin-top:var(--wp--preset--spacing--large)\">\n<div class=\"wp-block-button has-custom-width wp-block-button__width-100\"><a class=\"wp-block-button__link wp-element-button\" href=\"https:\/\/mpago.la\/1yR7PRj\">Contrate aqui<\/a><\/div>\n<\/div>\n<\/div>\n<\/div>\n\n\n\n<div class=\"wp-block-column is-vertically-aligned-top is-layout-flow wp-block-column-is-layout-flow\">\n<div class=\"wp-block-group has-border-color has-quaternary-border-color has-global-padding is-layout-constrained wp-container-core-group-is-layout-5fbedae1 wp-block-group-is-layout-constrained\" style=\"border-width:1px;border-radius:10px;padding-top:var(--wp--preset--spacing--large);padding-right:var(--wp--preset--spacing--large);padding-bottom:var(--wp--preset--spacing--large);padding-left:var(--wp--preset--spacing--large)\">\n<h2 class=\"wp-block-heading has-text-align-center has-medium-font-size\" style=\"margin-top:0px;margin-right:0px;margin-bottom:0px;margin-left:0px\"><strong>CURRICULO + LINKEDIN<\/strong><\/h2>\n\n\n\n<div class=\"wp-block-group is-content-justification-center is-nowrap is-layout-flex wp-container-core-group-is-layout-825f615b wp-block-group-is-layout-flex\">\n<p class=\"has-xx-large-font-size\">R$250<\/p>\n\n\n\n<p style=\"margin-top:1.5rem\">,00<\/p>\n<\/div>\n\n\n\n<hr class=\"wp-block-separator has-text-color has-quaternary-color has-alpha-channel-opacity has-quaternary-background-color has-background is-style-wide-thin-line\"\/>\n\n\n\n<div class=\"wp-block-group has-global-padding is-layout-constrained wp-block-group-is-layout-constrained\">\n<p class=\"has-text-align-center\">2 Modelos de curriculos personalizados para vagas de Escrit\u00f3rio e Construtora\/RH<\/p>\n\n\n\n<hr class=\"wp-block-separator has-alpha-channel-opacity is-style-dotted\"\/>\n\n\n\n<p class=\"has-text-align-center\">Modelo de carta de apresenta\u00e7\u00e3o<\/p>\n\n\n\n<hr class=\"wp-block-separator has-alpha-channel-opacity is-style-dotted\"\/>\n\n\n\n<p class=\"has-text-align-center\">1 Sess\u00e3o para tirar duvidas sobre entrevistas e mercado da arquitetura.<\/p>\n\n\n\n<hr class=\"wp-block-separator has-alpha-channel-opacity is-style-dotted\"\/>\n\n\n\n<p class=\"has-text-align-center\">Personaliza\u00e7\u00e3o do seu perfil no LinkedIn deixando mais atrativo para os recrutadores<\/p>\n\n\n\n<hr class=\"wp-block-separator has-alpha-channel-opacity is-style-dotted\"\/>\n\n\n\n<p class=\"has-text-align-center\">Configura\u00e7\u00f5es de alertas de vagas para arquitetura<\/p>\n\n\n\n<hr class=\"wp-block-separator has-alpha-channel-opacity is-style-dotted\"\/>\n\n\n\n<p class=\"has-text-align-center\">E-book com informa\u00e7\u00f5es de como utilizar o linkedin<\/p>\n\n\n\n<hr class=\"wp-block-separator has-alpha-channel-opacity is-style-dotted\"\/>\n\n\n\n<p class=\"has-text-align-center\">Conex\u00f5es estrat\u00e9gicas para seu tipo de vaga<\/p>\n\n\n\n<hr class=\"wp-block-separator has-alpha-channel-opacity is-style-dotted\"\/>\n\n\n\n<p class=\"has-text-align-center\">1 Sess\u00e3o para explicar como utilizar o LinkedIn e conseguir conquistar a t\u00e3o sonhada vaga<\/p>\n\n\n\n<hr class=\"wp-block-separator has-alpha-channel-opacity is-style-dotted\"\/>\n<\/div>\n\n\n\n<p class=\"has-text-align-center\">B\u00f4nus: Banco de curriculos &#8211; Arqvagasbrasil e Indica\u00e7\u00e3o de vagas de acordo com seu perfil<\/p>\n\n\n\n<div class=\"wp-block-buttons is-layout-flex wp-block-buttons-is-layout-flex\" style=\"margin-top:var(--wp--preset--spacing--large)\">\n<div class=\"wp-block-button has-custom-width wp-block-button__width-100\"><a class=\"wp-block-button__link wp-element-button\" href=\"https:\/\/mpago.la\/24WNV5E\">Contrate aqui <\/a><\/div>\n<\/div>\n<\/div>\n<\/div>\n<\/div>\n<\/div>\n<\/div>\n\n\n\n<div class=\"wp-block-group alignfull has-tertiary-background-color has-background has-global-padding is-layout-constrained wp-block-group-is-layout-constrained\" style=\"margin-top:0px;margin-bottom:0px;padding-top:var(--wp--preset--spacing--xx-large);padding-bottom:var(--wp--preset--spacing--xx-large)\">\n<div class=\"wp-block-group alignwide is-layout-flow wp-block-group-is-layout-flow\">\n<div class=\"wp-block-columns is-layout-flex wp-container-core-columns-is-layout-28f84493 wp-block-columns-is-layout-flex\">\n<div class=\"wp-block-column is-layout-flow wp-block-column-is-layout-flow\">\n<h2 class=\"wp-block-heading has-text-align-center\">Informa\u00e7\u00f5es &#8211; Ap\u00f3s realizar o pagamento<\/h2>\n\n\n\n<p class=\"has-text-align-center\">Envie o comprovante de pagamento + seu curriculo e para LinkedIn &#8211; envie seu login e senha do LinkedIn para o e-mail: arqvagasbrasil@gmail.com <\/p>\n\n\n\n<p class=\"has-text-align-center\">Tamb\u00e9m enviaremos via e-mail um formul\u00e1rio para poss\u00edveis informa\u00e7\u00f5es adicionais para o curriculo ou LinkedIn<\/p>\n\n\n\n<p class=\"has-text-align-center\"><strong>O prazo para realizar o servi\u00e7o \u00e9 de 15 dias.<\/strong><\/p>\n\n\n\n<p class=\"has-text-align-center\"><strong>Os valores s\u00e3o validos para o ano de 202<\/strong>5<\/p>\n\n\n\n<div class=\"wp-block-buttons is-content-justification-center is-layout-flex wp-container-core-buttons-is-layout-2af897fb wp-block-buttons-is-layout-flex\" style=\"margin-top:var(--wp--preset--spacing--medium)\">\n<div class=\"wp-block-button\"><a class=\"wp-block-button__link wp-element-button\" href=\"https:\/\/api.whatsapp.com\/send?phone=5569984215423\">Entrar em contato<\/a><\/div>\n<\/div>\n<\/div>\n<\/div>\n<\/div>\n<\/div>\n\n\n\n<div class=\"wp-block-media-text alignwide is-stacked-on-mobile\" style=\"grid-template-columns:31% auto\"><figure class=\"wp-block-media-text__media\"><img fetchpriority=\"high\" decoding=\"async\" width=\"465\" height=\"500\" src=\"https:\/\/arqvagasbrasil.com\/wp-content\/uploads\/2024\/02\/Souformando-563_edited.webp\" alt=\"\" class=\"wp-image-12 size-full\" srcset=\"https:\/\/arqvagasbrasil.com\/wp-content\/uploads\/2024\/02\/Souformando-563_edited.webp 465w, https:\/\/arqvagasbrasil.com\/wp-content\/uploads\/2024\/02\/Souformando-563_edited-279x300.webp 279w\" sizes=\"(max-width: 465px) 100vw, 465px\" \/><\/figure><div class=\"wp-block-media-text__content\">\n<h2 class=\"wp-block-heading\">Sobre a sua Mentora<\/h2>\n\n\n\n<p>Prazer, meu nome \u00e9 Giovanna, CEO do @arqvagasbrasil e tamb\u00e9m a pessoa respons\u00e1vel pela mentoria e Personaliza\u00e7\u00e3o de Curriculo e LinkedIn <\/p>\n\n\n\n<p>H\u00e1 dois anos tive a ideia de reunir em um \u00fanico lugar todas as vagas de est\u00e1gio de todos os lugares do Brasil, no decorrer desse per\u00edodo com grande busca por oportunidade surgiu a ideia de ampliar a divulga\u00e7\u00e3o para vagas de empregos.<\/p>\n\n\n\n<p>Hoje meu objetivo al\u00e9m de ajudar na busca de uma oportunidade, \u00e9 tamb\u00e9m de ajudar no processo do curr\u00edculo, portf\u00f3lio, entrevista e LinkedIn.<\/p>\n<\/div><\/div>\n","protected":false},"excerpt":{"rendered":"<p>Aqui voc\u00ea encontra qual \u00e9 o melhor investimento para voc\u00ea na personaliza\u00e7\u00e3o do curriculo e do linkedin Planos de pre\u00e7os &nbsp;CURR\u00cdCULO (Escrit\u00f3rio ou Construtora\/RH) R$50,00 1 Modelo de curriculo personalizado para vagas de Escrit\u00f3rio ou Construtora\/RH Modelo de carta de apresenta\u00e7\u00e3o 1 Sess\u00e3o comigo para tirar duvidas sobre entrevistas e mercado da arquitetura. B\u00f4nus: Banco [&hellip;]<\/p>\n","protected":false},"author":1,"featured_media":0,"parent":0,"menu_order":0,"comment_status":"closed","ping_status":"closed","template":"","meta":{"_eb_attr":"","om_disable_all_campaigns":false,"_monsterinsights_skip_tracking":false,"_monsterinsights_sitenote_active":false,"_monsterinsights_sitenote_note":"","_monsterinsights_sitenote_category":0,"_themeisle_gutenberg_block_has_review":false,"_joinchat":[],"footnotes":""},"class_list":["post-484","page","type-page","status-publish","hentry"],"aioseo_notices":[],"_links":{"self":[{"href":"https:\/\/arqvagasbrasil.com\/index.php\/wp-json\/wp\/v2\/pages\/484","targetHints":{"allow":["GET"]}}],"collection":[{"href":"https:\/\/arqvagasbrasil.com\/index.php\/wp-json\/wp\/v2\/pages"}],"about":[{"href":"https:\/\/arqvagasbrasil.com\/index.php\/wp-json\/wp\/v2\/types\/page"}],"author":[{"embeddable":true,"href":"https:\/\/arqvagasbrasil.com\/index.php\/wp-json\/wp\/v2\/users\/1"}],"replies":[{"embeddable":true,"href":"https:\/\/arqvagasbrasil.com\/index.php\/wp-json\/wp\/v2\/comments?post=484"}],"version-history":[{"count":7,"href":"https:\/\/arqvagasbrasil.com\/index.php\/wp-json\/wp\/v2\/pages\/484\/revisions"}],"predecessor-version":[{"id":759,"href":"https:\/\/arqvagasbrasil.com\/index.php\/wp-json\/wp\/v2\/pages\/484\/revisions\/759"}],"wp:attachment":[{"href":"https:\/\/arqvagasbrasil.com\/index.php\/wp-json\/wp\/v2\/media?parent=484"}],"curies":[{"name":"wp","href":"https:\/\/api.w.org\/{rel}","templated":true}]}}